{"id":41261,"date":"2025-02-05T17:21:39","date_gmt":"2025-02-05T16:21:39","guid":{"rendered":"https:\/\/weingut-mayer-am.pfarrplatz.at\/de\/bezugsquelle\/wein-co-klagenfurt-voelkgermarkt-strasse\/"},"modified":"2025-02-05T17:21:39","modified_gmt":"2025-02-05T16:21:39","slug":"wein-co-klagenfurt-voelkgermarkt-strasse","status":"publish","type":"bezugsquelle","link":"https:\/\/weingut-mayer-am.pfarrplatz.at\/de\/bezugsquelle\/wein-co-klagenfurt-voelkgermarkt-strasse\/","title":{"rendered":"Wein &#038; Co &#8211; Klagenfurt V\u00f6lkgermarkt Stra\u00dfe"},"content":{"rendered":"<p>V\u00f6lkermarkter Stra\u00dfe 144<br \/>9020\u00a0Klagenfurt<br \/>Tel.: +43\u00a05 07 06-3241\u00a0<br \/>Email:\u00a0<a href=\"mailto:kvk@weinco.at\">kvk@weinco.at<\/a><br \/>Web:\u00a0<a href=\"https:\/\/www.weinco.at\/\" target=\"_blank\" rel=\"noopener\">www.weinco.at<\/a><\/p>\n","protected":false},"template":"","bezugsquellen-kategorie":[329],"class_list":["post-41261","bezugsquelle","type-bezugsquelle","status-publish","hentry","bezugsquellen-kategorie-kaernten"],"_links":{"self":[{"href":"https:\/\/weingut-mayer-am.pfarrplatz.at\/de\/wp-json\/wp\/v2\/bezugsquelle\/41261","targetHints":{"allow":["GET"]}}],"collection":[{"href":"https:\/\/weingut-mayer-am.pfarrplatz.at\/de\/wp-json\/wp\/v2\/bezugsquelle"}],"about":[{"href":"https:\/\/weingut-mayer-am.pfarrplatz.at\/de\/wp-json\/wp\/v2\/types\/bezugsquelle"}],"wp:attachment":[{"href":"https:\/\/weingut-mayer-am.pfarrplatz.at\/de\/wp-json\/wp\/v2\/media?parent=41261"}],"wp:term":[{"taxonomy":"bezugsquellen-kategorie","embeddable":true,"href":"https:\/\/weingut-mayer-am.pfarrplatz.at\/de\/wp-json\/wp\/v2\/bezugsquellen-kategorie?post=41261"}],"curies":[{"name":"wp","href":"https:\/\/api.w.org\/{rel}","templated":true}]}}

Wein &#038; Co &#8211; Klagenfurt Völkgermarkt Straße

<p>Völkermarkter Straße 144<br />9020 Klagenfurt<br />Tel.: +43 5 07 06-3241 <br />Email: <a href="mailto:kvk@weinco.at">kvk@weinco.at</a><br />Web: <a href="https://www.weinco.at/" target="_blank" rel="noopener">www.weinco.at</a></p>
