{"id":41246,"date":"2025-02-05T17:21:30","date_gmt":"2025-02-05T16:21:30","guid":{"rendered":"https:\/\/weingut-mayer-am.pfarrplatz.at\/de\/bezugsquelle\/getraenkefachmarkt-heran\/"},"modified":"2025-02-05T17:21:30","modified_gmt":"2025-02-05T16:21:30","slug":"getraenkefachmarkt-heran","status":"publish","type":"bezugsquelle","link":"https:\/\/weingut-mayer-am.pfarrplatz.at\/de\/bezugsquelle\/getraenkefachmarkt-heran\/","title":{"rendered":"Getr\u00e4nkefachmarkt Heran"},"content":{"rendered":"<p>Fr\u00fchlingstra\u00dfe 59<br \/>\n83435 Bad Reichenhall<br \/>\nTel.: +49 8651 61098<br \/>\nFax: +49 8651 67804<br \/>\nEmail: <a href=\"mailto:wein@heran.de?d=1\" title=\"\">wein@heran.de<\/a><br \/>\nWeb: <a href=\"http:\/\/www.heran.de\/\" title=\"\" target=\"_blank\" class=\"\">www.heran.de<\/a><\/p>\n","protected":false},"template":"","bezugsquellen-kategorie":[306],"class_list":["post-41246","bezugsquelle","type-bezugsquelle","status-publish","hentry","bezugsquellen-kategorie-bayern"],"_links":{"self":[{"href":"https:\/\/weingut-mayer-am.pfarrplatz.at\/de\/wp-json\/wp\/v2\/bezugsquelle\/41246","targetHints":{"allow":["GET"]}}],"collection":[{"href":"https:\/\/weingut-mayer-am.pfarrplatz.at\/de\/wp-json\/wp\/v2\/bezugsquelle"}],"about":[{"href":"https:\/\/weingut-mayer-am.pfarrplatz.at\/de\/wp-json\/wp\/v2\/types\/bezugsquelle"}],"wp:attachment":[{"href":"https:\/\/weingut-mayer-am.pfarrplatz.at\/de\/wp-json\/wp\/v2\/media?parent=41246"}],"wp:term":[{"taxonomy":"bezugsquellen-kategorie","embeddable":true,"href":"https:\/\/weingut-mayer-am.pfarrplatz.at\/de\/wp-json\/wp\/v2\/bezugsquellen-kategorie?post=41246"}],"curies":[{"name":"wp","href":"https:\/\/api.w.org\/{rel}","templated":true}]}}

Getränkefachmarkt Heran

<p>Frühlingstraße 59<br />
83435 Bad Reichenhall<br />
Tel.: +49 8651 61098<br />
Fax: +49 8651 67804<br />
Email: <a href="mailto:wein@heran.de?d=1" title="">wein@heran.de</a><br />
Web: <a href="http://www.heran.de/" title="" target="_blank" class="">www.heran.de</a></p>
